alculate the remainder when o is divided by a/(-6)*-3*4.
5
Suppose -25 = 2*m - 7*m. Let c be 120/4 + 6/(-3). Let l = c + -26. What is the remainder when m is divided by l?
1
Suppose 385 = 17*b - 12*b. Calculate the remainder when b is divided by 40.
37
Let p = -9 - -12. What is the remainder when 7 is divided by p?
1
Suppose -w = -6*w + 260. What is the remainder when w is divided by (25 + -3)*1*2/4?
8
Let j = -7 + 13. Suppose 5*q - 7 = k, -4*k = 2*q - 5*q - j. What is the remainder when 5 is divided by q?
1
Suppose -15 = -2*k - k. Suppose 0*w + w - 3*i = -7, 0 = k*w - 2*i - 4. Let f(z) = z**3 - 2*z**2 + 2*z - 1. What is the remainder when f(2) is divided by w?
1
Let v = 15 + -14. Suppose 0 = -2*l + v + 7. What is the remainder when 17 is divided by l?
1
Let t(k) be the second derivative of k**4/12 + 10*k**2 + 2*k. What is the remainder when 59 is divided by t(0)?
19
Let a(z) = -3*z**3 - 4*z**2 + 3*z + 7. What is the remainder when a(-3) is divided by 9?
7
Calculate the remainder when 2369/46 - 2/(-4) is divided by 9.
7
Suppose 9*p - 3*v - 156 = 6*p, -p + 4*v = -67. Calculate the remainder when p is divided by 12.
11
Suppose 0 = 2*d + 2*d - 56. Let j = 131 - 93. What is the remainder when j is divided by d?
10
Suppose -1 - 16 = -l. Suppose 3*s - 43 - l = 0. What is the remainder when 38 is divided by s?
18
Let x be 861/15 - (-2)/(-5). Let f = x - 3. Calculate the remainder when f is divided by 14.
12
Let z = 2 - 9. Let n be (-2)/z + (-240)/(-42). What is the remainder when 31 is divided by 2/n*(-33)/(-1)?
9
Calculate the remainder when 0 + 3 - 39/(-8 - -5) is divided by 11.
5
Suppose 4*y + 4 = 2*u, -2*y + 2 = u - y. Suppose -u = -i + 1. Suppose -4*f + 60 = -5*r - 0*r, -3*r + 72 = i*f. Calculate the remainder when f is divided by 11.
9
Suppose p = -u + 24, 4*p - 91 = 5*u - 4. What is the remainder when 91 is divided by p?
22
Let h = -14 - -63. Calculate the remainder when h is divided by 13.
10
What is the remainder when 54 is divided by 252/27*(-3)/(-2)?
12
Let r = 0 + 8. Let y = 808 + -805. Calculate the remainder when r is divided by y.
2
Let n be 2/1 - (-4)/(-2). Suppose -j - 114 = -x, 324 = 3*x - n*x + 3*j. Suppose i - 4*i = -x. What is the remainder when i is divided by 13?
11
Suppose 2*j - 11 = 41. Calculate the remainder when 102 is divided by j.
24
Suppose 5*f - 7 - 28 = -s, -3*s = -f - 9. Suppose 4*a - 26 = -4*p + 26, -2*p = 4. Calculate the remainder when a is divided by f.
3
Let n = 7 + 0. Let z = -4 - -1. What is the remainder when (3 + z)/1 - -13 is divided by n?
6
Let j(a) = -1 + a + 0 + 0. What is the remainder when 11 is divided by j(7)?
5
Suppose 2*q - 8 = 5*m, 4*m - 3*q = q - 16. What is the remainder when 5 is divided by 0 - (-1 - m - 1)?
1
Let l = -18 + 12. What is the remainder when 17 is divided by (-260)/(-28) + l/21?
8
Suppose -n + 1 = -7. What is the remainder when 30 is divided by n?
6
Let a(z) = z**2 + 9*z - 2. Let h be a(-8). Let o = h + 6. Calculate the remainder when 6 + o + 19 + 1 is divided by 8.
6
Let a(u) = -u**3 + 5*u**2 + 8*u - 8. Let j be a(6). Suppose j*d = 3*t - 13, 2*t + 38 = 6*t + 5*d. Let m = -1 + t. What is the remainder when 17 is divided by m?
5
Let j(k) = 2*k**2 - 8*k + 13. Let y be (-14)/(-3) + (-8)/12. Suppose -5*c - s - 3*s = -83, -y*s - 12 = 0. What is the remainder when j(6) is divided by c?
18
Let j = 238 - 338. What is the remainder when 3 + (-3)/(6/j) is divided by 18?
17
Let s(r) be the third derivative of r**4/6 - r**3/6 + 3*r**2. Let k(y) = y + 36. Calculate the remainder when k(0) is divided by s(5).
17
Calculate the remainder when (-180)/54*(-2 + -1) - 1 is divided by 2.
1
Let o be (-3)/12 - (-3250)/8. Suppose -38 = -4*g + o. What is the remainder when g/6 - (-2)/4 is divided by 5?
4
Let p = -1 + 5. Suppose -2*y + 70 = 2*h, p*h - 102 - 23 = -y. Calculate the remainder when h is divided by 16.
14
Let p = -15 - -34. What is the remainder when p is divided by 5?
4
Let p(r) = r + 4. Let y be ((-6)/(-4))/(7/14). Suppose 10 = y*z - 5. What is the remainder when p(9) is divided by z?
3
Let s = 14 - -17. Suppose -3*w - 3*i + 15 = -0*w, 5*i = 2*w - s. Let y = -6 + 21. Calculate the remainder when y is divided by w.
7
Let b(w) = 106*w - 2. Let a be b(2). What is the remainder when ((-2)/(-5))/(3/a) is divided by (3010/21)/10 + 2/3?
13
Let p(s) = -s - 9. Let l be p(-10). Let v(b) = 3*b**3 + b. Let j = 0 - -7. What is the remainder when j is divided by v(l)?
3
Let i(h) = 12*h**2 + 2*h + 3. Calculate the remainder when 88 is divided by i(-1).
10
Suppose -u = -5 - 7. Suppose 4*v - 109 = -3*c + 25, -5*v = 5. What is the remainder when c is divided by u?
10
Calculate the remainder when 27 + (-6 + 3 + 5)*-1 is divided by 14.
11
Let i be (-6)/9 - 930/(-18). Suppose -2*f + i = f. What is the remainder when f is divided by 10?
7
Suppose -4*z - 9 = -2*v + 21, 0 = -4*v + 4*z + 56. Suppose 23 - 7 = 2*b. Calculate the remainder when v is divided by b.
5
Let t = -6 + 17. Suppose t = 5*p - 5*v - 4, 1 = 3*p + 5*v. Suppose -p*l + 21 = 3*s - 17, s + 2 = 3*l. Calculate the remainder when s is divided by 4.
2
Suppose 5*k - 10 = d, -k + 30 = -3*d + 3*k. Let z = d + 17. Calculate the remainder when z is divided by 3 + -1 + 1 + 0.
1
Suppose 0 = -4*g + g. Suppose r - 2*f - 8 = g, -3*f - f = -3*r + 20. Let p(k) = k**2 - k + 7. Calculate the remainder when p(0) is divided by r.
3
Let a = 25 - 16. Suppose -145 = -a*j + 4*j. Calculate the remainder when j is divided by 11.
7
Suppose m + 3*x - 3 = -9, -4*m = 2*x - 6. Suppose 5*q - 32 = -2*y, -y - q + 16 = 2*q. Let h = 23 - y. Calculate the remainder when h is divided by m.
1
Let y(h) = -37*h - 21. Calculate the remainder when y(-3) is divided by 19.
14
Let r = 10 + -18. Let z = -6 - r. Suppose 0 = z*j - j - 17. Calculate the remainder when 49 is divided by j.
15
Let o be 1/(-2)*1*-8. Suppose 2*b - 8 - o = 0. Suppose -w + 2*t + b = -4, 5*t = 15. What is the remainder when w is divided by 6?
4
Suppose -2*v + 3*v = 46. Calculate the remainder when v is divided by 12.
10
Let c = -3 + 10. Suppose f - 13 - 7 = 5*d, -3*d = 0. Suppose -5*j = m - f, 2*j - m + 8 = 3*j. Calculate the remainder when c is divided by j.
1
Let x = -1118 - -192. Let b be (-4)/(-10) + x/(-10). Let k = -63 + b. Calculate the remainder when k is divided by 16.
14
What is the remainder when (-1 - 355/(-10))*2 is divided by 14?
13
Let p = -8 + 7. Let n = p + 11. What is the remainder when n is divided by 3?
1
Suppose 0 = 4*k + 4, z = -z - 5*k + 49. What is the remainder when 107 is divided by z?
26
Suppose m + a + a - 31 = 0, 0 = 2*m - 3*a - 34. Let c(j) = j + 8. Let y(n) = -n**2 - 3*n. Let t be y(-3). What is the remainder when m is divided by c(t)?
7
Let s = -10 - -17. Let c(h) = -h**3 + 9*h**2 - 9*h + 8. Calculate the remainder when c(s) is divided by (-4)/(-14) - 206/(-14).
13
Let h be (-3 + 1)/((-4)/46). Calculate the remainder when 5 + -2 + h + -3 is divided by 13.
10
Let l be (-2)/(-3) - (-94)/(-6). Let c = l + 29. Suppose -c + 2 = -4*v. What is the remainder when 9 is divided by v?
0
Suppose -o + 16 = -5*g, 0 = -2*o + o + g + 32. What is the remainder when 106 is divided by o?
34
Suppose 56 = 2*j - j + 5*l, 2*j + 5*l = 132. Calculate the remainder when j is divided by 5/10 - 102/(-4).
24
Let i = 16 - 26. What is the remainder when 16 is divided by 145/25 + (-2)/i?
4
Let i(d) = -d**2 + 18*d - 31. What is the remainder when 69 is divided by i(15)?
13
Let y be (-50)/(-8) - (-3)/(-12). Suppose 3*s + 12 = y*s. Suppose -2*l - 34 = -7*l - u, 0 = -2*l + s*u + 18. Calculate the remainder when 19 is divided by l.
5
Let z = 15 + 5. What is the remainder when z is divided by 8?
4
Suppose 5*k - 27 = -2*b, -4*k = -0*k + 2*b - 20. Let t(j) = 2 + 5*j + k*j**2 + 2*j - 6*j. Calculate the remainder when 83 is divided by t(-2).
27
Let l = 29 - -7. Calculate the remainder when 106 is divided by l.
34
Calculate the remainder when 92 is divided by (232/(-12))/(6/(-9)) + 2.
30
Suppose -38 = -4*k + 10. Calculate the remainder when 44 is divided by k.
8
Let z be (-13 - -6)*24/(-14). What is the remainder when 33 is divided by (0 + 5)*z/5?
9
Let r be 260/36 - (-4)/(-18). Suppose -6 = 2*a + 4*c, 4*a - r*c = -3*c + 48. What is the remainder when 11 is divided by a?
4
Suppose 2*z - 3*z = 0. Suppose -4*n + n = z. Suppose -4*y - 4